2 + 27*h - 1. Let m(q) = -6*n(q) + 11*z(q). Suppose -42 = -11*p + 17*p. Determine m(p).
2
Let h = -5 + 29. Let x(g) = 7 + h*g**2 - 26*g**2 + 2*g - 4. What is x(3)?
-9
Let v(p) = -p + 4. Let h be v(2). Let i(r) be the first derivative of 3 + 2*r**h + 0 + r - 2. What is i(1)?
5
Suppose -1 = 2*d - 5. Let q(h) = 4*h**2 - 6*h**d - 2*h**2 - h**3 + 2. Determine q(-3).
-7
Let u be ((-2)/(-1))/((-1)/(-1)). Suppose -5*i + 9 = -u*i. Let p(a) = -6*a - 7 - a**3 + 4*a**2 + 3 + 3*a + 3. Calculate p(i).
-1
Let b(y) = -5*y - 5. Let q be b(-2). Let o(s) = s**2 - 7*s + 4. What is o(q)?
-6
Let a(j) = -2*j**2 + 21*j - 13. Let g(u) = -7 - u**2 + 0*u**2 + 11*u + 1. Let d(k) = -3*a(k) + 5*g(k). Calculate d(6).
-3
Let p(n) = -2*n**2 + 53*n + 32. Let l be p(27). Let v(k) = k**2 - 5*k + 6. Give v(l).
6
Let u(j) be the second derivative of 0 + 3*j + 4*j**2 + 1/6*j**3 + 1/12*j**4 - 1/20*j**5. Determine u(0).
8
Suppose 3*t + 2*t + 70 = 0. Let a be (-4)/t + (-12)/(-7). Let z(r) be the first derivative of -r**4/4 + 3*r**2/2 - r - 1. What is z(a)?
-3
Suppose s = -s. Let x(q) = q**2 - q - 5. Determine x(s).
-5
Let g(a) = a - 4. Suppose 2*q + 3*q = -20, -2*m + 3*q = -12. What is g(m)?
-4
Let g(m) be the third derivative of m**4/6 - m**3/2 - 4*m**2. Calculate g(4).
13
Let i(u) = -u**2 - 4*u + 2. Let g be i(-4). Suppose g = v - 4. Let o(c) = v + 3*c - c - 2. Determine o(-4).
-4
Let d(v) = -6*v + 2. Let g(j) be the third derivative of -17*j**4/24 + 5*j**3/6 - 3*j**2. Let w(f) = 11*d(f) - 4*g(f). Calculate w(-3).
-4
Let a be 1 - (-1)/(2/6). Let g(s) = s. Let k(m) = -m + 5. Let d = 4 + -2. Let u(l) = d*g(l) - k(l). Give u(a).
7
Let p(h) = -4*h**2 - 8*h - 13. Let o(k) = -k**2 + k - 1. Let g(r) = -o(r) + p(r). Let w(l) = -l**2 - 3*l - 4. Let j(m) = 3*g(m) - 8*w(m). Give j(-3).
-4
Let l be (1 - 3)*(-4)/2. Suppose 8 = -l*h - 0*h. Let s(w) = -2*w**3 - 2*w + 3. Let z(r) = -r**3 - r + 2. Let d(o) = -2*s(o) + 3*z(o). What is d(h)?
-10
Let y(i) = i**3 + 4*i**2 - 4*i + 7. Let j(o) = -o**3 + 2*o**2 - o. Let v be j(1). Suppose m = -v*m, 20 = -4*z - 3*m. Calculate y(z).
2
Let i(t) = -9*t**3 + 7*t**2 - t - 9. Let l(n) = 5*n**3 - 3*n**2 + n + 4. Let s(m) = -4*i(m) - 7*l(m). What is s(7)?
-13
Let s(g) = -g**2 + 1. Let w(m) = m**3 + 2*m - 4. Let q = 16 + -13. Let k(a) = q*s(a) + w(a). Calculate k(2).
-1
Let k(u) = -2*u + 1. Let s = -18 - -20. Determine k(s).
-3
Let u(d) = -31*d**3 + 5*d**2 + 6*d - 5. Let s(f) = -32*f**3 + 6*f**2 + 7*f - 6. Let x(z) = -5*s(z) + 6*u(z). What is x(1)?
-25
Suppose 3*h - 4*r - 16 = -h, -2*h - 4*r = 4. Let s(w) = h + 34*w - 4 - 35*w. Determine s(-4).
2
Let i(d) = -d**2 + 5*d + 4. Let z be (7/(-21))/((-1)/(-6)). Let a(f) = -f**3 - f**2 - f - 1. Let s be a(z). Calculate i(s).
4
Let k(d) be the second derivative of d**5/20 + 5*d**4/12 + d**3 + 5*d**2/2 + 3*d. Let w(t) = 2*t + 4. Let s be w(-4). Calculate k(s).
-3
Suppose 2*r = 5*o - 13 - 19, 1 = -r. Let n(c) = -o*c - c + 6*c. Calculate n(-2).
2
Let a(w) = -w - 3. Let b be a(-5). Let f(u) be the first derivative of -2*u**3/3 + u**2/2 + u + 18. Give f(b).
-5
Let q(y) = -y + 2*y - 4 - y + 2*y. What is q(4)?
4
Let w(v) be the first derivative of -v**3/3 + 4*v**2 - 7*v - 4. Let r be 2/(-3)*15/(-2). Calculate w(r).
8
Let i(x) = -5*x**3 + 2*x**2 - x - 3. Let o(j) = 4*j**3 - 3*j**2 + 2*j + 3. Let f(k) = 3*i(k) + 4*o(k). Determine f(5).
3
Let d = -12 + 16. Let n = d - 0. Let c(z) = z**3 - 5*z**2 + 3*z + 2. What is c(n)?
-2
Let u(i) be the second derivative of -i**6/360 + i**5/60 - i**4/6 - 3*i. Let d(y) be the third derivative of u(y). Calculate d(-2).
6
Let l(s) = s**2 - 4*s + 3. Suppose h + 42 = -0. Let f be (-138)/h - (-4)/(-14). Suppose -9 = -q - 2*q + d, 4*q - 12 = f*d. Determine l(q).
0
Let q(j) = 1. Let t(c) = -9*c + 6. Let v(s) = 5*q(s) - t(s). Let u(n) = -n - 1. Let x be u(-1). Suppose -3*f + x*f = 3. Determine v(f).
-10
Let a = 2739 - 2740. Let g(m) be the third derivative of m**7/5040 + m**5/60 + m**2. Let b(x) be the third derivative of g(x). Determine b(a).
-1
Let l(i) = 5*i + 1. Let m = -3 + 3. Let y be m*(5/(-2) + 2). Suppose y = g - 2 + 3. What is l(g)?
-4
Suppose l - 4 - 1 = 0. Suppose 5*z = l*q - 10, 0 = -0*z + 2*z - 4*q + 4. Let u(d) = -d**3 + 2*d. Calculate u(z).
4
Suppose 2*s = -4*c - 6, 0 = -0*s - s - 4*c - 5. Let z(q) = 5*q + 1. Calculate z(s).
-4
Let q(d) = -2*d - 6. Suppose -13 = 2*y - 1. Give q(y).
6
Let k(r) be the first derivative of r**5/20 + r**4/2 + 2*r**3/3 - 5*r**2/2 + 3*r - 2. Let l(m) be the first derivative of k(m). What is l(-5)?
0
Let l(t) be the first derivative of -t**3 - t**2/2 - 1. Let k = 12 - 13. Determine l(k).
-2
Suppose 4*c = 3*c - 3. Let n(q) be the first derivative of -q**2/2 - q - 2. Let a(s) = -5*s - 5. Let i(w) = -2*a(w) + 9*n(w). Determine i(c).
-2
Let x = 5 + -2. Let i(m) = -m**3 + 3*m**2 - 2*m. What is i(x)?
-6
Let w(a) = 4*a - 4 - 10 - a**2 + 21. What is w(5)?
2
Let c = 3 - 5. Let a(r) be the first derivative of -r**5/20 - r**4/12 - 2*r**3/3 - 3*r**2/2 + r + 7. Let b(m) be the first derivative of a(m). Determine b(c).
9
Let y be (-1)/(1/(-2) - 0). Let z be (2 + (-2 - y))*1. Let a(p) = -p**3 + 2*p**2 + 4*p + 2. Calculate a(z).
10
Let x(a) = 8*a**2 + 5*a + 3. Let k(t) = -8*t**2 - 6*t - 4. Suppose -13 = l - 8. Let g(r) = l*x(r) - 4*k(r). Determine g(1).
-8
Let k(d) = 6*d**3 + 20*d**2 + 36*d + 16. Let u(n) = -n**3 - 4*n**2 - 7*n - 3. Let p(y) = -2*k(y) - 11*u(y). Give p(5).
1
Suppose 20 = -5*v + v. Let g = 7 + v. Suppose 0 = 5*z + 4*y - 41 + 11, -2*z + g*y = 6. Let t(n) = -n. Give t(z).
-2
Let z(k) be the first derivative of k**2/2 - 8*k + 3. What is z(5)?
-3
Suppose 2*o = -3*d + 15, -5*d + 1 = -o - 11. Let x be o/6 + (-18)/4. Let g(q) be the second derivative of -q**4/12 - 5*q**3/6 + 3*q**2/2 + 2*q. Determine g(x).
7
Suppose g + 2*s = -g + 10, -3*g - 25 = -5*s. Suppose 0 = -3*n + n + 3*p - 7, 3*n - 2*p + 13 = 0. Let j = n - g. Let v(x) = -x**3 - 5*x**2 - x - 7. Give v(j).
-2
Let c = -7 - -12. Let n(w) be the third derivative of 1/6*w**3 + 0 - 7*w**2 + 1/60*w**5 + 0*w - 1/6*w**4. Calculate n(c).
6
Let x(m) = m**3 - 4*m**2 + 3. Let t be x(3). Let a(q) be the third derivative of 0*q - 7/6*q**3 - 12*q**2 - 1/60*q**5 + 0 - 1/4*q**4. Calculate a(t).
-7
Let c(h) = -h**2 + h - 3. Let v = -19 - -16. Let l = v - -3. Give c(l).
-3
Let k(v) = v**3 - 16*v**2 - 19*v + 37. Let d be k(17). Suppose 3*y - 6 + 3 = 0. Let r(m) = -y + m**d + 3*m - m**2 - 2*m + 3*m**2 - 2*m. Give r(-2).
1
Let n(p) = p**3 - 8*p**2 - 8*p - 13. Suppose 6*r - 31 = 23. Determine n(r).
-4
Let c(f) be the second derivative of -7/6*f**3 - 5*f + 0 - 1/12*f**4 + 0*f**2. Determine c(-4).
12
Let t(c) = c**3 - c**2. Let g(o) = 4*o**2 - o + 2. Let f(h) = -g(h) - 2*t(h). Let z = -4 - -2. Give f(z).
4
Let s(f) = 7*f**3 - f**2 - f. Suppose t + 0*g + 4 = 2*g, 0 = 4*t - g + 2. Suppose t = j - 4*j - 3. Calculate s(j).
-7
Let c(w) = w**2 - 5*w - 39. Let f be c(9). Let i(u) = -3*u + 3*u**2 + 4 - u**3 + 2*u**3 - u**2. Determine i(f).
4
Suppose -2*q + 7*g + 18 = 4*g, -3*g - 27 = -5*q. Let f = 6 - q. Let c(p) = -p**3 + 3*p**2 - 3. What is c(f)?
-3
Let o = 11 - 16. Let c(w) = -w + w**3 + 2*w**2 + 7*w - w + 5. Let d(h) = -3*h**3 - 4*h**2 - 11*h - 11. Let g(b) = o*c(b) - 2*d(b). Calculate g(3).
-3
Let x = 5 + -11. Let t(z) be the second derivative of -z**4/12 - 4*z**3/3 - 7*z**2/2 + 21*z. Give t(x).
5
Suppose 17 = 2*c + n, -2*c + 0*n = -n - 19. Let m = c + -5. Let a(r) = r. Let t(s) = 2*s - 1. Let l(x) = -5*a(x) + 3*t(x). Calculate l(m).
1
Let q(m) be the first derivative of m**2 - m + 2. Give q(-3).
-7
Let i(p) be the first derivative of p**2/2 + 21. Determine i(-4).
-4
Let g(p) = 4*p**2 - 3*p. Let n(a) = 3*a**2 - 2*a. Let l(b) = -4*g(b) + 6*n(b). Suppose -u + 6 = 3. Suppose -2*m - m + u = 0. Give l(m).
2
Let h(j) = j + 1. Let w = 51 - 52. What is h(w)?
0
Let z(w) = -11*w**2 - 16*w - 14. Let b(n) = 5*n**2 + 8*n + 7. Let h(i) = 9*b(i) + 4*z(i). Calculate h(-5).
-8
Let b(f) = -f**3 - 5*f**2 + 6*f - 4. Let x be 5/3 + 2/(-3). Suppose -2*r + x = 5. Let i = -4 + r. Calculate b(i).
-4
Let b(k) = -6 + 6*k + k - 2*k - k. Give b(6).
18
Let h be 0/(3 - (-2)/(-1)). Let f be 9/((-18)/8) - -7. Let b = h - f. Let x(o) = o**3 + 4*o**2 + 2*o - 2. What is x(b)?
1
Let v(i) = -i**2 + 7*i - 6. Let f(n) = n + 10. Let x be 22/(-4) - (-3)/(-6). Let z be f(x). What 